{"id":8,"date":"2017-01-09T05:12:48","date_gmt":"2017-01-09T05:12:48","guid":{"rendered":"https:\/\/8degreethemes.com\/demo\/wp-generic\/?page_id=8"},"modified":"2024-12-20T19:31:00","modified_gmt":"2024-12-20T18:31:00","slug":"concours","status":"publish","type":"page","link":"https:\/\/competitionartisanat.ma\/2024\/concours\/","title":{"rendered":"La comp\u00e9tition"},"content":{"rendered":"<p><img loading=\"lazy\" decoding=\"async\" class=\"alignnone wp-image-989 size-full\" src=\"https:\/\/competitionartisanat.ma\/wp-content\/uploads\/2020\/12\/ART-scaled.jpg\" alt=\"\" width=\"2560\" height=\"816\" srcset=\"https:\/\/competitionartisanat.ma\/2024\/wp-content\/uploads\/2020\/12\/ART-scaled.jpg 2560w, https:\/\/competitionartisanat.ma\/2024\/wp-content\/uploads\/2020\/12\/ART-300x96.jpg 300w, https:\/\/competitionartisanat.ma\/2024\/wp-content\/uploads\/2020\/12\/ART-1024x326.jpg 1024w, https:\/\/competitionartisanat.ma\/2024\/wp-content\/uploads\/2020\/12\/ART-768x245.jpg 768w, https:\/\/competitionartisanat.ma\/2024\/wp-content\/uploads\/2020\/12\/ART-1536x490.jpg 1536w, https:\/\/competitionartisanat.ma\/2024\/wp-content\/uploads\/2020\/12\/ART-2048x653.jpg 2048w, https:\/\/competitionartisanat.ma\/2024\/wp-content\/uploads\/2020\/12\/ART-350x112.jpg 350w, https:\/\/competitionartisanat.ma\/2024\/wp-content\/uploads\/2020\/12\/ART-1100x351.jpg 1100w\" sizes=\"auto, (max-width: 2560px) 100vw, 2560px\" \/><\/p>\n<div class=\"fr\">\n<p><strong>La 5\u00e9me \u00e9dition de la comp\u00e9tition nationale d\u2019artisanat en milieu carc\u00e9ral 2024.<\/strong><\/p>\n<p>Dans le cadre de l\u2019ex\u00e9cution de ces missions surtout l\u2019axe relatif \u00e0 la r\u00e9habilitation des d\u00e9tenus, la D\u00e9l\u00e9gation G\u00e9n\u00e9rale \u00e0 l\u2019Administration P\u00e9nitentiaire et \u00e0 la R\u00e9insertion (DGAPR) persiste dans la mise en place de plusieurs programmes notamment la comp\u00e9tition du meilleur produit artistique et artisanal carc\u00e9ral.<\/p>\n<p>Cette comp\u00e9tition qui est \u00e0 sa cinqui\u00e8me \u00e9dition repr\u00e9sente une passerelle qui permet aux d\u00e9tenus de partager avec le monde ext\u00e9rieur leur cr\u00e9ativit\u00e9 et leurs comp\u00e9tences artistiques et artisanales, elle est aussi un pont interactif reliant les \u00e9tablissements p\u00e9nitentiaires \u00e0 la soci\u00e9t\u00e9, offrant ainsi la possibilit\u00e9 aux d\u00e9tenus de s\u2019ouvrir sur le monde ext\u00e9rieur \u00e0 travers leurs produits.<\/p>\n<p>Chaque ann\u00e9e et apr\u00e8s le lancement de la comp\u00e9tition au niveau de l\u2019ensemble des \u00e9tablissements p\u00e9nitentiaires, la DGAPR re\u00e7oit des centaines de cr\u00e9ations artistiques et artisanales dans plusieurs sp\u00e9cialit\u00e9s tels que le bois, le cuir, la ferronnerie artistique, la poterie, la couture traditionnelle et recyclage&#8230;, des cr\u00e9ations con\u00e7ues et r\u00e9alis\u00e9es par les d\u00e9tenus dans le respect total des normes des m\u00e9tiers d\u2019artisanat montrant ainsi l\u2019existence d\u2019une richesse potentielle en mati\u00e8re d\u2019artisanat.<\/p>\n<p>Il est \u00e0 noter que la DGAPR, met \u00e0 la disposition du public la possibilit\u00e9 de d\u00e9couvrir plusieurs cr\u00e9ations et produits con\u00e7us par les d\u00e9tenus au niveau de la galerie l\u2019Entre Mur au niveau de l\u2019annexe de la DGAPR \u00e0 l\u2019Agdal.<br \/>\nAu-del\u00e0 des diff\u00e9rents prix, que les artistes d\u00e9tenus re\u00e7oivent, cette comp\u00e9tition leur permet de se reconstruire, de forger leur estime de soi et surtout de changer leur vision sur la p\u00e9riode d\u2019incarc\u00e9ration et de renouer avec l\u2019espoir et ce sont l\u00e0 les premiers pas vers une r\u00e9habilitation r\u00e9ussie et une r\u00e9insertion effective.<\/p>\n<p>Cette comp\u00e9tition ne cesse d\u2019\u00e9voluer d\u2019ann\u00e9e en ann\u00e9e, \u00e9tablissant ainsi un outil de communication r\u00e9el et effectif entre la soci\u00e9t\u00e9 et les artistes d\u00e9tenus \u00e0 travers une interaction num\u00e9rique entre les cr\u00e9ations et le public qui vote pour le produit qui l\u2019a touch\u00e9 le plus sur cette plateforme d\u00e9di\u00e9e \u00e0 la comp\u00e9tition.<\/p>\n<p>Et pour donner plus de chance aux d\u00e9tenus de briller, la comp\u00e9tition permet le vote pour plusieurs produits.<\/p>\n<\/div>\n<div class=\"ar\">\n<p><strong>\u0627\u0644\u0646\u0633\u062e\u0629 \u0627\u0644\u062e\u0627\u0645\u0633\u0629 \u0644\u0645\u0633\u0627\u0628\u0642\u0629 \u0623\u062d\u0633\u0646 \u0645\u0646\u062a\u0648\u062c \u0641\u0646\u064a \u0648\u062d\u0631\u0641\u064a \u0628\u0627\u0644\u0645\u0624\u0633\u0633\u0627\u062a \u0627\u0644\u0633\u062c\u0646\u064a\u0629 \u0644\u0633\u0646\u0629 2024<\/strong><\/p>\n<p>\u0641\u064a \u0625\u0637\u0627\u0631 \u062c\u0647\u0648\u062f\u0647\u0627 \u0644\u062a\u0623\u0647\u064a\u0644 \u0627\u0644\u0633\u062c\u0646\u0627\u0621 \u0644\u0644\u0625\u062f\u0645\u0627\u062c \u062f\u0623\u0628\u062a \u0627\u0644\u0645\u0646\u062f\u0648\u0628\u064a\u0629 \u0627\u0644\u0639\u0627\u0645\u0629 \u0644\u0625\u062f\u0627\u0631\u0629 \u0627\u0644\u0633\u062c\u0648\u0646 \u0648\u0625\u0639\u0627\u062f\u0629 \u0627\u0644\u0625\u062f\u0645\u0627\u062c \u0639\u0644\u0649 \u0633\u0644\u0643 \u0643\u0644 \u0627\u0644\u0633\u0628\u0644 \u0627\u0644\u0645\u0645\u0643\u0646\u0629 \u0641\u064a \u0633\u0628\u064a\u0644 \u062a\u0623\u0647\u064a\u0644 \u0627\u0644\u0633\u062c\u0646\u0627\u0621 \u0644\u0625\u0639\u0627\u062f\u0629 \u0627\u0644\u0625\u062f\u0645\u0627\u062c\u060c \u0628\u0645\u0627 \u0641\u064a \u0630\u0644\u0643 \u0625\u062a\u0627\u062d\u0629 \u0627\u0644\u0641\u0631\u0636 \u0644\u0647\u0645 \u0644\u0644\u062a\u0639\u0628\u064a\u0631 \u0639\u0646 \u0630\u0648\u0627\u062a\u0647\u0645 \u0648\u062a\u0641\u062c\u064a\u0631 \u0637\u0627\u0642\u0627\u062a\u0647\u0645\u060c \u0648\u0644\u0639\u0644 \u0645\u0633\u0627\u0628\u0642\u0629 \u0623\u062d\u0633\u0646 \u0645\u0646\u062a\u0648\u062c \u0641\u0646\u064a \u0648\u062d\u0631\u0641\u064a -\u0627\u0644\u062a\u064a \u0628\u0644\u063a\u062a \u0647\u0630\u0647 \u0627\u0644\u0633\u0646\u0629 \u0646\u0633\u062e\u062a\u0647\u0627 \u0627\u0644\u062e\u0627\u0645\u0633\u0629- \u062a\u0639\u062f \u0645\u0646 \u0628\u064a\u0646 \u0647\u0627\u062a\u0647 \u0627\u0644\u0633\u0628\u0644 \u0628\u0627\u0639\u062a\u0628\u0627\u0631\u0647\u0627 \u0628\u0648\u0627\u0628\u0629 \u0644\u0644\u062a\u0639\u0628\u064a\u0631 \u0639\u0646 \u0645\u0647\u0627\u0631\u0627\u062a\u0647\u0645 \u0648\u0625\u0628\u062f\u0627\u0639\u0627\u062a\u0647\u0645 \u0627\u0644\u0641\u0646\u064a\u0629 \u0648\u0627\u0644\u062d\u0631\u0641\u064a\u0629 \u0648\u062c\u0633\u0631\u0627 \u0645\u0645\u062a\u062f\u0627 \u0645\u0646 \u062f\u0627\u062e\u0644 \u0623\u0633\u0648\u0627\u0631 \u0627\u0644\u0633\u062c\u0648\u0646 \u0648\u0645\u0646\u0641\u062a\u062d\u0627 \u0639\u0644\u0649 \u0627\u0644\u0639\u0627\u0644\u0645 \u0627\u0644\u062e\u0627\u0631\u062c\u064a.<\/p>\n<p>\u062a\u062a\u0644\u0642\u0649 \u0627\u0644\u0645\u0646\u062f\u0648\u0628\u064a\u0629 \u0627\u0644\u0639\u0627\u0645\u0629 \u0643\u0644 \u0633\u0646\u0629 \u0628\u0639\u062f \u0627\u0644\u0625\u0639\u0644\u0627\u0646 \u0639\u0646 \u0627\u0646\u0637\u0644\u0627\u0642 \u0627\u0644\u0645\u0633\u0627\u0628\u0642\u0629 \u0628\u062c\u0645\u064a\u0639 \u0627\u0644\u0645\u0624\u0633\u0633\u0627\u062a \u0627\u0644\u0633\u062c\u0646\u064a\u0629\u060c \u0627\u0644\u0645\u0626\u0627\u062a \u0645\u0646 \u0627\u0644\u0625\u0628\u062f\u0627\u0639\u0627\u062a \u0639\u0644\u0649 \u0645\u0633\u062a\u0648\u0649 \u0645\u062e\u062a\u0644\u0641 \u0627\u0644\u0645\u0634\u0627\u0631\u0628 \u0627\u0644\u0641\u0646\u064a\u0629 \u0627\u0644\u062d\u0631\u0641\u064a\u0629 \u0645\u062b\u0644 \u0627\u0644\u062e\u0634\u0628\u060c \u0627\u0644\u0637\u0631\u0632\u060c \u0627\u0644\u062d\u062f\u064a\u062f\u060c \u0627\u0644\u062c\u0628\u0633\u060c \u0627\u0644\u0641\u062e\u0627\u0631\u060c \u0627\u0644\u0631\u0633\u0645\u060c \u0648\u0625\u0639\u0627\u062f\u0629 \u0627\u0644\u062a\u062f\u0648\u064a\u0631\u2026\u0627\u0644\u062e\u060c \u0648\u0647\u064a \u0627\u0644\u0625\u0628\u062f\u0627\u0639\u0627\u062a \u0627\u0644\u062a\u064a \u064a\u062a\u0641\u0646\u0646 \u0627\u0644\u0645\u0639\u062a\u0642\u0644\u064a\u0646 \u0641\u064a \u0648\u0636\u0639 \u062a\u0635\u0627\u0645\u064a\u0645\u0647\u0627 \u0648\u064a\u0628\u0631\u0639\u0648\u0646 \u0641\u064a \u0648\u0636\u0639 \u0623\u062f\u0642 \u062a\u0641\u0627\u0635\u064a\u0644\u0647\u0627 \u0627\u0644\u0641\u0646\u064a\u0629 \u0641\u064a \u0627\u062d\u062a\u0631\u0627\u0645 \u062a\u0627\u0645 \u0644\u0645\u0639\u0627\u064a\u064a\u0631 \u0627\u0644\u062d\u0631\u0641 \u0627\u0644\u062a\u0642\u0644\u064a\u062f\u064a\u0629\u060c \u0645\u0639\u0644\u0646\u064a\u0646 \u0628\u0630\u0644\u0643 \u0639\u0646 \u0648\u062c\u0648\u062f \u0643\u0646\u0648\u0632 \u062d\u0631\u0641\u064a\u0629 \u0648\u062b\u0631\u0648\u0629 \u062a\u0642\u0644\u064a\u062f\u064a\u0629 \u062f\u0627\u062e\u0644 \u0627\u0644\u0645\u0624\u0633\u0633\u0627\u062a \u0627\u0644\u0633\u062c\u0646\u064a\u0629.<\/p>\n<p>\u0648\u062a\u062c\u062f\u0631 \u0627\u0644\u0625\u0634\u0627\u0631\u0629 \u0625\u0644\u0649 \u0623\u0646 \u0627\u0644\u0645\u0646\u062f\u0648\u0628\u064a\u0629 \u0627\u0644\u0639\u0627\u0645\u0629 \u062a\u062a\u064a\u062d \u0644\u0639\u0645\u0648\u0645 \u0627\u0644\u0645\u0648\u0627\u0637\u0646\u064a\u0646 \u0641\u0631\u0635\u0629 \u0644\u0644\u062a\u0639\u0631\u0641 \u0639\u0644\u0649 \u0625\u0628\u062f\u0627\u0639\u0627\u062a \u0627\u0644\u0645\u0639\u062a\u0642\u0644\u064a\u0646 \u062e\u0627\u0631\u062c \u0633\u064a\u0627\u0642 \u0647\u0627\u062a\u0647 \u0627\u0644\u0645\u0633\u0627\u0628\u0642\u0629 \u0648\u0628\u0635\u064a\u063a\u0629 \u062f\u0627\u0639\u064a\u0629 \u0625\u064a\u0627\u0647\u0645 \u0625\u0644\u0649 \u0627\u0643\u062a\u0634\u0627\u0641 \u0627\u0644\u0625\u0628\u062f\u0627\u0639\u0627\u062a \u0627\u0644\u0641\u0646\u064a\u0629 \u0648\u0627\u0644\u062d\u0631\u0641\u064a\u0629 \u0627\u0644\u0645\u0635\u0646\u0648\u0639\u0629 \u0628\u0623\u064a\u062f\u064a \u0633\u062c\u0646\u0627\u0621 \u062d\u0631\u0641\u064a\u064a\u0646 \u062f\u0627\u062e\u0644 \u0627\u0644\u0645\u0624\u0633\u0633\u0627\u062a \u0627\u0644\u0633\u062c\u0646\u064a\u0629 \u0628\u0631\u0648\u0627\u0642 \u0645\u0627 \u0628\u064a\u0646 \u0627\u0644\u062c\u062f\u0631\u0627\u0646 \u0627\u0644\u0643\u0627\u0626\u0646 \u0628\u0645\u0644\u062d\u0642\u0629 \u0627\u0644\u0645\u0646\u062f\u0648\u0628\u064a\u0629 \u0627\u0644\u0639\u0627\u0645\u0629 \u0644\u0625\u062f\u0627\u0631\u0629 \u0627\u0644\u0633\u062c\u0648\u0646 \u0628\u0623\u0643\u062f\u0627\u0644\u060c \u0648\u0627\u0644\u0645\u0639\u062f \u062e\u0635\u064a\u0635\u0627 \u0645\u0646 \u0623\u062c\u0644 \u0627\u0644\u062a\u0631\u0648\u064a\u062c \u0644\u0625\u0628\u062f\u0627\u0639\u0627\u062a \u0648\u0645\u0646\u062a\u0648\u062c\u0627\u062a \u0627\u0644\u0633\u062c\u0646\u0627\u0621.<\/p>\n<p>\u0641\u0628\u0627\u0644\u0625\u0636\u0627\u0641\u0629 \u0625\u0644\u0649 \u0627\u0644\u062c\u0648\u0627\u0626\u0632 \u0627\u0644\u0645\u062e\u062a\u0644\u0641\u0629 \u0627\u0644\u062a\u064a \u064a\u062d\u0635\u0644 \u0639\u0644\u064a\u0647\u0627 \u0627\u0644\u0645\u0639\u062a\u0642\u0644\u064a\u0646 \u0627\u0644\u0645\u062a\u0648\u0641\u0642\u064a\u0646\u060c \u0641\u0625\u0646 \u0647\u0630\u0647 \u0627\u0644\u0645\u0633\u0627\u0628\u0642\u0629 \u062a\u062a\u064a\u062d \u0644\u0647\u0645 \u0625\u0639\u0627\u062f\u0629 \u0628\u0646\u0627\u0621 \u0630\u0648\u0627\u062a\u0647\u0645 \u0648\u062a\u063a\u064a\u064a\u0631 \u0631\u0624\u064a\u062a\u0647\u0645 \u0644\u0641\u062a\u0631\u0629 \u0627\u0644\u0627\u0639\u062a\u0642\u0627\u0644 \u0648\u0643\u0630\u0627 \u0625\u0639\u0627\u062f\u0629 \u0625\u062d\u064a\u0627\u0621 \u0627\u0644\u0623\u0645\u0644 \u0641\u064a \u0646\u0641\u0648\u0633\u0647\u0645\u060c \u0648\u0645\u0646 \u0647\u0646\u0627 \u062a\u0628\u062a\u062f\u0623 \u0623\u0648\u0644\u0649 \u0627\u0644\u062e\u0637\u0648\u0627\u062a \u0646\u062d\u0648 \u0627\u0644\u062a\u0623\u0647\u064a\u0644 \u0627\u0644\u062d\u0642\u064a\u0642\u064a \u0648\u0625\u0639\u0627\u062f\u0629 \u0627\u0644\u0625\u062f\u0645\u0627\u062c \u0627\u0644\u0641\u0639\u0644\u064a.<\/p>\n<p>\u0625\u0646 \u0647\u0630\u0647 \u0627\u0644\u0645\u0633\u0627\u0628\u0642\u0629 \u062a\u062a\u0637\u0648\u0631 \u062f\u0648\u0631\u0629 \u0628\u0639\u062f \u062f\u0648\u0631\u0629\u060c \u0645\u0624\u0633\u0633\u0629 \u0628\u0630\u0644\u0643 \u0644\u062a\u0648\u0627\u0635\u0644 \u0641\u0639\u0627\u0644 \u0648\u0625\u064a\u062c\u0627\u0628\u064a \u0628\u064a\u0646 \u0627\u0644\u0645\u062c\u062a\u0645\u0639 \u0648\u0627\u0644\u0645\u0628\u062f\u0639\u064a\u0646 \u062d\u0628\u064a\u0633\u064a \u0627\u0644\u062c\u062f\u0631\u0627\u0646 \u0648\u0630\u0644\u0643 \u0645\u0646 \u062e\u0644\u0627\u0644 \u062a\u0641\u0627\u0639\u0644 \u0631\u0642\u0645\u064a \u0628\u064a\u0646 \u0625\u0628\u062f\u0627\u0639\u0627\u062a\u0647\u0645 \u0648\u0628\u064a\u0646 \u0627\u0644\u062c\u0645\u0647\u0648\u0631 \u0627\u0644\u0630\u064a \u064a\u0635\u0648\u062a \u0644\u0635\u0627\u0644\u062d \u0623\u062d\u0633\u0646 \u0645\u0646\u062a\u0648\u062c \u0641\u0646\u064a \u0648\u062d\u0631\u0641\u064a \u0645\u0646 \u062e\u0644\u0627\u0644 \u0627\u0644\u0645\u0646\u0635\u0629 \u0627\u0644\u062a\u064a \u0623\u0639\u062f\u062a \u062e\u0635\u064a\u0635\u0627 \u0644\u0630\u0644\u0643.<\/p>\n<p>\u0648\u0645\u0646 \u0623\u062c\u0644 \u0625\u0639\u0637\u0627\u0621 \u0627\u0644\u0645\u0639\u062a\u0642\u0644\u064a\u0646 \u0641\u0631\u0635\u0629 \u0623\u0641\u0636\u0644 \u0644\u0644\u0625\u0628\u062f\u0627\u0639 \u0648\u062a\u0641\u0631\u064a\u063a \u0645\u0648\u0627\u0647\u0628\u0647\u0645 \u0648\u0637\u0627\u0642\u0627\u062a\u0647\u0645\u060c \u0641\u0625\u0646 \u0646\u0638\u0627\u0645 \u0627\u0644\u0633\u0627\u0628\u0642\u0629 \u064a\u0633\u0645\u062d \u0628\u0627\u0644\u062a\u0635\u0648\u064a\u062a \u0644\u0641\u0627\u0626\u062f\u0629 \u0623\u0643\u062b\u0631 \u0645\u0646 \u0645\u0646\u062a\u0648\u062c \u0648\u0627\u062d\u062f\u060c \u0631\u063a\u0628\u0629 \u0641\u064a \u062a\u0645\u0643\u064a\u0646 \u0627\u0644\u062c\u0645\u0647\u0648\u0631 \u0645\u0646 \u062f\u0639\u0645 \u0627\u0644\u0645\u0639\u062a\u0642\u0644\u064a\u0646 \u0627\u0644\u062d\u0631\u0641\u064a\u064a\u0646 \u0648\u062a\u0634\u062c\u064a\u0639\u0647\u0645 \u0639\u0644\u0649 \u0627\u0644\u0639\u0637\u0627\u0621 \u0648\u0627\u0644\u0625\u0628\u062f\u0627\u0639.<\/p>\n<\/div>\n","protected":false},"excerpt":{"rendered":"<p>La 5\u00e9me \u00e9dition de la comp\u00e9tition nationale d\u2019artisanat en milieu carc\u00e9ral 2024. Dans le cadre de l\u2019ex\u00e9cution de ces missions surtout l\u2019axe relatif \u00e0 la r\u00e9habilitation des d\u00e9tenus, la D\u00e9l\u00e9gation G\u00e9n\u00e9rale \u00e0 l\u2019Administration P\u00e9nitentiaire et \u00e0 la R\u00e9insertion (DGAPR) persiste dans la mise en place de plusieurs programmes notamment la comp\u00e9tition du meilleur produit artistique [&hellip;]<\/p>\n","protected":false},"author":1,"featured_media":1181,"parent":0,"menu_order":0,"comment_status":"closed","ping_status":"closed","template":"","meta":{"footnotes":""},"class_list":["post-8","page","type-page","status-publish","has-post-thumbnail","hentry"],"_links":{"self":[{"href":"https:\/\/competitionartisanat.ma\/2024\/wp-json\/wp\/v2\/pages\/8","targetHints":{"allow":["GET"]}}],"collection":[{"href":"https:\/\/competitionartisanat.ma\/2024\/wp-json\/wp\/v2\/pages"}],"about":[{"href":"https:\/\/competitionartisanat.ma\/2024\/wp-json\/wp\/v2\/types\/page"}],"author":[{"embeddable":true,"href":"https:\/\/competitionartisanat.ma\/2024\/wp-json\/wp\/v2\/users\/1"}],"replies":[{"embeddable":true,"href":"https:\/\/competitionartisanat.ma\/2024\/wp-json\/wp\/v2\/comments?post=8"}],"version-history":[{"count":25,"href":"https:\/\/competitionartisanat.ma\/2024\/wp-json\/wp\/v2\/pages\/8\/revisions"}],"predecessor-version":[{"id":1448,"href":"https:\/\/competitionartisanat.ma\/2024\/wp-json\/wp\/v2\/pages\/8\/revisions\/1448"}],"wp:featuredmedia":[{"embeddable":true,"href":"https:\/\/competitionartisanat.ma\/2024\/wp-json\/wp\/v2\/media\/1181"}],"wp:attachment":[{"href":"https:\/\/competitionartisanat.ma\/2024\/wp-json\/wp\/v2\/media?parent=8"}],"curies":[{"name":"wp","href":"https:\/\/api.w.org\/{rel}","templated":true}]}}